uppose 3*o + 130 = 4*o - 3*v, -2*v + 450 = 4*o. List the prime factors of o.
5, 23
Suppose -2*d - d = -6. List the prime factors of d.
2
Let f(l) = -l**3 + 21*l**2 + 4*l - 6. What are the prime factors of f(21)?
2, 3, 13
Let q(x) = 2*x + 11. Let r be 1/(-4) + (-98)/(-8). What are the prime factors of q(r)?
5, 7
Let y(n) = 56*n**2. List the prime factors of y(-1).
2, 7
Let z be 90/25 + (-6)/10. Suppose -z = a, a + 1 = 2*s - 12. What are the prime factors of s?
5
Let t(v) = -v**2 + 6*v - 3. Let u be t(4). Suppose 14 = 2*y - u*o - 55, -5*y + o = -161. What are the prime factors of y?
2
Let s(a) = a**2 - 3*a - 1. Let z be s(4). Let y be (-2)/(-9) + (-158)/(-18). Let j = y - z. What are the prime factors of j?
2, 3
Suppose 11*a - 980 = 4*a. List the prime factors of a.
2, 5, 7
Let g(q) = q + 1. Let j(d) = 4*d - 5. Let y(i) = 5*g(i) - j(i). Let c be y(-5). Suppose 0 = f - c. List the prime factors of f.
5
Let h be (4/(-10))/((-3)/15). Suppose l = h*s + 2, s - 4*s + 11 = 2*l. Suppose -5*r + 63 = c + 18, 20 = l*c. What are the prime factors of r?
2
Let x(c) = 2 + 10*c + 0 - 3 - 7. List the prime factors of x(6).
2, 13
Let o = -2 - 4. List the prime factors of -2 + -3*22/o.
3
Suppose 4*s = s + 333. List the prime factors of s.
3, 37
Suppose 3*u = 6*u - 69. List the prime factors of u.
23
Suppose 0 = 3*p + p - 192. List the prime factors of p.
2, 3
Suppose 3*a = a - 6. Let u = 6 + a. What are the prime factors of 111/6 + u/(-2)?
17
Suppose a + 1 = 6. Suppose 4*h = -5*b - h + 30, a*h = -4*b + 20. List the prime factors of b.
2, 5
Let c(f) = -f**2 + 10*f. Suppose 2*k + 3*k + 3*h = 41, 5*h = k + 3. What are the prime factors of c(k)?
3, 7
Let x = 3 - 1. Suppose -x*s = 5*b - 58, b - 20 = -b - 4*s. List the prime factors of b.
2, 3
Let q(g) = 28*g**2 + 3*g - 2. Let s be q(2). What are the prime factors of 3/6 + s/8?
3, 5
Let v = 7 + -5. Suppose -v*a - 117 = -5*d, 3*d + 27 = 2*a + 98. What are the prime factors of d?
23
Let d(c) = c**3 + 2*c**2 - 4*c - 3. Let r be d(-3). Suppose w - 5*w = 4*t - 8, 4*w - 3*t - 43 = r. What are the prime factors of w?
7
Suppose i + 0*i - u - 2 = 0, 27 = i + 4*u. Let t = -4 + i. What are the prime factors of t?
3
Suppose 2*s = -6, 0 = 3*c + 3*s - 6*s + 117. Let w be (10/(-3))/((-4)/c). What are the prime factors of w/(-3) - (-4)/(-6)?
11
Let w(g) = -g + 4. Let l be w(0). Let r be 0 + 3 + -3 - -22. Suppose 2*f - r = l*k, -3*f = -3*k - 0*k - 30. What are the prime factors of f?
3
Let q(t) = -t**3 - 5*t**2 - 11*t - 6. Let l be q(-7). Suppose -3*o + l = 43. Suppose -2*y = y - o. What are the prime factors of y?
2, 7
Let p(t) = -t**3 + 5*t**2 + 2*t - 3. Let s be (-40)/(-15)*6/4. Let x be p(s). Suppose -3*d + 0 = -x. List the prime factors of d.
7
Let x(q) be the first derivative of -q**3/3 + 3*q**2/2 - 4*q - 1. Let o be x(3). Let g(d) = -3*d - 2. What are the prime factors of g(o)?
2, 5
Suppose -8*d = -5*d - 3. Let x(w) = w**3 + 3*w**2 - w - 3. Let g be x(-3). List the prime factors of (d + 0)*(7 - g).
7
Let d = -38 + 49. List the prime factors of d.
11
Let l(p) = -2*p - 2. Let n be l(-3). List the prime factors of (5/n)/((-2)/(-8)).
5
What are the prime factors of 2*1*95/10?
19
Let o = 8 - 9. List the prime factors of (-24 + (1 - 2))/o.
5
What are the prime factors of ((-6)/12)/((-1)/510)?
3, 5, 17
Suppose 0 = 5*c + 23 + 2. Let m = 3 - c. List the prime factors of m.
2
Let w be 13*(-1 + (-2 - -9)). Let b be w - (-2)/(-4)*-2. Suppose -4*x - 31 + b = 0. What are the prime factors of x?
2, 3
Suppose 340 = 2*p + 2*p. List the prime factors of p.
5, 17
Suppose -2*p + 6*p = 8. Let l(i) = 4*i**3 - 3*i**2 + 3*i - 2. What are the prime factors of l(p)?
2, 3
Let u(y) = y - 14. Let l be u(13). List the prime factors of (6/9)/(l/(-21)).
2, 7
Suppose -3*u = -5*y - 66, 26 + 97 = 5*u - 4*y. What are the prime factors of u?
3
Let c = 3 + -2. Let y = 4 - c. Suppose -5*q + y*f + 69 = 0, q + 4*f - 53 = -2*q. List the prime factors of q.
3, 5
Let g(y) = -y**2 + 7*y - 2. Let p be g(6). Suppose 5*t + 3*v + 18 = v, -5*v - 11 = p*t. What are the prime factors of (3 - -15)/((-6)/t)?
2, 3
Suppose -o - 2 = -0. Let r = -2 - o. Suppose r = 4*u - 15 + 3. What are the prime factors of u?
3
Let b = -5 + 3. Let i = -6 - b. Let j = 13 + i. List the prime factors of j.
3
Suppose z = 6*z. Suppose -6*j = 4*d - j - 4, z = -4*d + 2*j + 32. What are the prime factors of d?
2, 3
Let l be 28 + 0/(-2 + 1). Suppose n - 64 = 5*i, -4*n = 4*i + n + l. Let d = -7 - i. List the prime factors of d.
5
What are the prime factors of (-31 + -2)/(0 + -1)?
3, 11
Suppose 2*p - 169 = -3*t, 0 = -5*t - 0*p + 3*p + 288. What are the prime factors of t?
3, 19
Suppose 5 = 2*y - 9. Suppose 2*x - y*x = 0. Suppose -o + 4 = -x. What are the prime factors of o?
2
Suppose 0*h - 3*x = -5*h + 9, -12 = -5*h + 4*x. Let m be 9 - 9/(6/(-2)). Suppose -n = -3*c + m - 5, h = 2*n + 2*c - 18. List the prime factors of n.
5
Let g = 9 - 17. What are the prime factors of -1*(2 - 0) - g?
2, 3
Let g(w) = 4*w + 0*w - 5*w + 1. Suppose -q - 8 = -2. What are the prime factors of g(q)?
7
Suppose -16 = -2*o - 2*o. Suppose o - 40 = -4*r. List the prime factors of r.
3
Let x(m) = 5 + 6*m - 3 + 1 - m**2. What are the prime factors of x(4)?
11
Suppose -16 = o - 3*v, -8 = 4*o + v + v. Let x = -7 - o. What are the prime factors of (-4)/x*(-36)/(-8)?
2, 3
Let r be -1 + 4 - (4 + -2). Suppose 5*f = 25, -f + r = -z - 4. What are the prime factors of (-8 - -6)/(-1 - z)?
2
Suppose -3*a = -21 - 27. List the prime factors of a.
2
Let b(o) = -o**2 - 7*o - 8. Suppose -12 = -2*u + 4*u. Let z be b(u). What are the prime factors of 6 - (z + (2 - 2))?
2
Let i(c) = 4*c + 1. Let p be i(4). Let n = -11 + p. What are the prime factors of n?
2, 3
Let k(f) = -f**2 + 16*f + 20. List the prime factors of k(16).
2, 5
Let x = 0 - -3. Suppose -x*b - 2*b - 4*p = -35, -2*p = -3*b - 1. What are the prime factors of b?
3
Let o(g) = -g**3 + g**2 + 2*g + 1. Let s be o(2). Let p(b) = 31*b**2 + 2*b - 2. What are the prime factors of p(s)?
31
Let l(b) = b**2 - 11*b - 14. Let z be l(12). What are the prime factors of (-2)/z + (20 - 6)?
3, 5
Suppose -12 = l - 4*l. What are the prime factors of l/(-22) + (-101)/(-11)?
3
Suppose -2*s - 2*s = -20, 5*x + 5*s = 35. Suppose -2 = x*t - 3*t. Suppose n + t*n = 12. What are the prime factors of n?
2
Let s = 10 + -5. Let i = s - 0. What are the prime factors of i?
5
What are the prime factors of -3 - 6/((-18)/15)?
2
Suppose -2*o + 5 = -7*o. What are the prime factors of (26/4)/(o/(-2))?
13
Let y = -3 + 85. What are the prime factors of y?
2, 41
Let z(y) = -y**2 + 7*y + 6. Let a = 3 + 2. List the prime factors of z(a).
2
Suppose 4*q - 4 = -0*q. Let t be -2*-2*q/4. List the prime factors of 1/((-10)/12 + t).
2, 3
Suppose -2*a - 3*k + 30 = 0, 5*k - 39 = -3*a + 2*k. Suppose -a = -3*g - 0*g. What are the prime factors of g/(-2)*(-20)/3?
2, 5
Suppose 0 = 4*f - 2*f + 5*i + 12, 3*i + 8 = -2*f. Let g = 3 + f. Suppose -7 = -g*m + m. List the prime factors of m.
7
Let p = 10 - 0. Let x = p + 0. List the prime factors of x.
2, 5
Let z(c) = -c**2 - 16*c - 5. What are the prime factors of z(-10)?
5, 11
List the prime factors of 2/3*6588/24.
3, 61
Let f(x) be the second derivative of -3/2*x**2 + 0 + 2*x + x**3. What are the prime factors of f(2)?
3
Let a(n) = n**2 + 2*n - 3. List the prime factors of a(-11).
2, 3
Suppose 229 + 167 = 6*v. List the prime factors of v.
2, 3, 11
List the prime factors of ((-1776)/6)/((-3)/(4 + -1)).
2, 37
Suppose 0*s + 11 = s. Suppose 34 + s = 3*c. Let l = -7 + c. What are the prime factors of l?
2
Let a(v) = 7*v**2 - 4*v + 1. Let k be a(3). Suppose -3*t = -5*t + k. List the prime factors of t.
2, 13
Let s = 0 - -1. Let g = s - 2. What are the prime factors of (g/(-2))/(1/26)?
13
Suppose 0 = 73*h - 71*h - 388. What are the prime factors of h?
2, 97
Suppose 9*o = 386 + 82. List the prime factors of o.
2, 13
Suppose 4*v - 18 = -2. Suppose -v*q = 32 + 16. List the prime factors of (-8 - -8) + (-1 - q).
11
Let h(p) = 14*p - 6. What are the prime factors of h(4)?
2, 5
List the prime factors of (4/12 + -1)*-21.
2, 7
Let a(v) = 8*v - 3. Let s be a(2). Suppose -s = -n + 11. List the prime factors of n.
2, 3
Let c(r) = -7*r**2 + 15*r. Let l(s) = -10*s**2 + 23*s. Let d(i) = 7*c(i) - 5*l(i). Let f be d(7). Let q = 